{"id":423,"date":"2023-11-24T22:18:52","date_gmt":"2023-11-24T22:18:52","guid":{"rendered":"https:\/\/linstat2024.science.upjs.sk\/?page_id=423"},"modified":"2023-11-27T09:04:01","modified_gmt":"2023-11-27T09:04:01","slug":"contact","status":"publish","type":"page","link":"https:\/\/linstat2024.science.upjs.sk\/?page_id=423","title":{"rendered":"Contact"},"content":{"rendered":"\n<p><strong>If you have any question, please do not hesitate to contact us<br><\/strong>Organizing Committee LinStat&#8217;2024<br>Institute of Mathematics, P. J. \u0160af\u00e1rik University<br>Jesenn\u00e1 5<br>040 01 Ko\u0161ice<br>Slovakia<br><a href=\"mailto:linstat2020@ics.upjs.sk\">linstat2024 (at) gmail.com<\/a><\/p>\n\n\n\n<h3 style=\"font-style:normal;font-weight:600\">Organizers:<\/h3>\n\n\n\n<ul><li>Institute of Mathematics, Faculty of Science, P. J. \u0160af\u00e1rik University, Ko\u0161ice, Slovakia<\/li><li>Institute of Mathematics, Pozna\u0144 University of Technology<\/li><li>Institute of Plant Genetics, Polish Academy of Sciences, Pozna\u0144<\/li><li>Department of Mathematical and Statistical Methods, Pozna\u0144 University of Life Sciences, Pozna\u0144<\/li><\/ul>\n\n\n\n<div class=\"wp-container-1 is-horizontal is-content-justification-left is-nowrap wp-block-group contact-logos\">\n<figure class=\"wp-block-image size-thumbnail is-resized is-style-rounded\"><img loading=\"lazy\" src=\"https:\/\/linstat2024.science.upjs.sk\/wp-content\/uploads\/2023\/11\/logoPFUPJS-150x150.jpg\" alt=\"\" class=\"wp-image-439\" width=\"50\" height=\"50\" srcset=\"https:\/\/linstat2024.science.upjs.sk\/wp-content\/uploads\/2023\/11\/logoPFUPJS-150x150.jpg 150w, https:\/\/linstat2024.science.upjs.sk\/wp-content\/uploads\/2023\/11\/logoPFUPJS-300x300.jpg 300w, https:\/\/linstat2024.science.upjs.sk\/wp-content\/uploads\/2023\/11\/logoPFUPJS.jpg 708w\" sizes=\"(max-width: 50px) 100vw, 50px\" \/><\/figure>\n\n\n\n<figure class=\"wp-block-image size-thumbnail is-resized is-style-rounded\"><img loading=\"lazy\" src=\"https:\/\/linstat2024.science.upjs.sk\/wp-content\/uploads\/2023\/11\/PP-PUT_logo_jasne_CMYK-150x150.jpg\" alt=\"\" class=\"wp-image-435\" width=\"50\" height=\"50\" srcset=\"https:\/\/linstat2024.science.upjs.sk\/wp-content\/uploads\/2023\/11\/PP-PUT_logo_jasne_CMYK-150x150.jpg 150w, https:\/\/linstat2024.science.upjs.sk\/wp-content\/uploads\/2023\/11\/PP-PUT_logo_jasne_CMYK-300x300.jpg 300w, https:\/\/linstat2024.science.upjs.sk\/wp-content\/uploads\/2023\/11\/PP-PUT_logo_jasne_CMYK-1024x1024.jpg 1024w, https:\/\/linstat2024.science.upjs.sk\/wp-content\/uploads\/2023\/11\/PP-PUT_logo_jasne_CMYK-768x768.jpg 768w, https:\/\/linstat2024.science.upjs.sk\/wp-content\/uploads\/2023\/11\/PP-PUT_logo_jasne_CMYK-1536x1536.jpg 1536w, https:\/\/linstat2024.science.upjs.sk\/wp-content\/uploads\/2023\/11\/PP-PUT_logo_jasne_CMYK.jpg 1754w\" sizes=\"(max-width: 50px) 100vw, 50px\" \/><\/figure>\n\n\n\n<figure class=\"wp-block-image size-full is-resized is-style-default\"><img loading=\"lazy\" src=\"https:\/\/linstat2024.science.upjs.sk\/wp-content\/uploads\/2023\/11\/plant-logo.png\" alt=\"\" class=\"wp-image-436\" width=\"45\" height=\"45\"\/><\/figure>\n\n\n\n<figure class=\"wp-block-image size-full is-resized\"><img loading=\"lazy\" src=\"https:\/\/linstat2024.science.upjs.sk\/wp-content\/uploads\/2023\/11\/LogoULS-scaled.jpg\" alt=\"\" class=\"wp-image-437\" width=\"100\" height=\"50\"\/><\/figure>\n<\/div>\n","protected":false},"excerpt":{"rendered":"<p>If you have any question, please do not hesitate to contact usOrganizing Committee LinStat&#8217;2024Institute of Mathematics, P. J. \u0160af\u00e1rik UniversityJesenn\u00e1 5040 01 Ko\u0161iceSlovakialinstat2024 (at) gmail.com&hellip;<\/p>\n","protected":false},"author":2,"featured_media":0,"parent":0,"menu_order":0,"comment_status":"closed","ping_status":"closed","template":"","meta":[],"_links":{"self":[{"href":"https:\/\/linstat2024.science.upjs.sk\/index.php?rest_route=\/wp\/v2\/pages\/423"}],"collection":[{"href":"https:\/\/linstat2024.science.upjs.sk\/index.php?rest_route=\/wp\/v2\/pages"}],"about":[{"href":"https:\/\/linstat2024.science.upjs.sk\/index.php?rest_route=\/wp\/v2\/types\/page"}],"author":[{"embeddable":true,"href":"https:\/\/linstat2024.science.upjs.sk\/index.php?rest_route=\/wp\/v2\/users\/2"}],"replies":[{"embeddable":true,"href":"https:\/\/linstat2024.science.upjs.sk\/index.php?rest_route=%2Fwp%2Fv2%2Fcomments&post=423"}],"version-history":[{"count":15,"href":"https:\/\/linstat2024.science.upjs.sk\/index.php?rest_route=\/wp\/v2\/pages\/423\/revisions"}],"predecessor-version":[{"id":489,"href":"https:\/\/linstat2024.science.upjs.sk\/index.php?rest_route=\/wp\/v2\/pages\/423\/revisions\/489"}],"wp:attachment":[{"href":"https:\/\/linstat2024.science.upjs.sk\/index.php?rest_route=%2Fwp%2Fv2%2Fmedia&parent=423"}],"curies":[{"name":"wp","href":"https:\/\/api.w.org\/{rel}","templated":true}]}}